{"id":2,"date":"2014-08-14T21:31:47","date_gmt":"2014-08-14T21:31:47","guid":{"rendered":"http:\/\/wojcicki.photography\/?page_id=2"},"modified":"2014-08-14T22:32:48","modified_gmt":"2014-08-14T22:32:48","slug":"sample-page","status":"publish","type":"page","link":"http:\/\/wojcicki.photography\/?page_id=2","title":{"rendered":"O mnie"},"content":{"rendered":"<p><strong><a href=\"http:\/\/wojcicki.photography\/wp-content\/uploads\/2014\/08\/10-wrzesie\u0144-2011-027.jpg\" target=\"_blank\"><img loading=\"lazy\" class=\"alignleft wp-image-7 size-medium\" src=\"http:\/\/wojcicki.photography\/wp-content\/uploads\/2014\/08\/10-wrzesie\u0144-2011-027-300x225.jpg\" alt=\"10 wrzesie\u0144 2011 027\" width=\"300\" height=\"225\" srcset=\"http:\/\/wojcicki.photography\/wp-content\/uploads\/2014\/08\/10-wrzesie\u0144-2011-027-300x225.jpg 300w, http:\/\/wojcicki.photography\/wp-content\/uploads\/2014\/08\/10-wrzesie\u0144-2011-027.jpg 800w\" sizes=\"(max-width: 300px) 100vw, 300px\" \/><\/a>I was born in 1949 in Warsaw. I graduated the <a class=\"ml-smartlink\" href=\"http:\/\/en.wikipedia.org\/wiki\/Nicolaus_Copernicus\">Nicolaus Copernicus<\/a> High School in Warsaw, a UNESCO-affiliated educational establishment with English as the teaching medium.<\/strong><br \/>\n<strong> I studied at the Central School of Planning and Statistics (today: <a class=\"ml-smartlink\" href=\"http:\/\/en.wikipedia.org\/wiki\/Warsaw_School_of_Economics\">Warsaw School of Economics<\/a>) (1967-1971) and at the Department of Law and Administration of Warsaw University, graduating the latter in 1975.<\/strong><br \/>\n<strong> In 1977-1980 I did a research project on late medieval culture at the Institute of History of the Polish Academy of Sciences under the academic guidance of Professor Bronis\u0142aw Geremek. In 1982-1983 I continued research work on a scholarship from the underground Solidarity trade union.<\/strong><br \/>\n<strong> In 1981 I was on the staff of the Social Research Centre of the Mazowsze Chapter of Solidarity and of the Solidarno\u015b\u0107 weekly. Following the proclamation of martial law I took a job with a monthly Pomoc Spo\u0142eczna and thereafter I worked as journalist for the Pow\u015bci\u0105gliwo\u015b\u0107 i Praca monthly (1989-1990) and contributed reviews to a bi-weekly \u015awiat I Ksi\u0105\u017cka.<\/strong><br \/>\n<strong> In 1990 I co-founded a publishing house Dom Wydawniczy Dominus and took over as its chief editor. A year later I set up my own consulting firm and I became a receiver in bankruptcy. In 1992 I published my book Sprawd\u017a, czy jeste\u015b w\u0142a\u015bcicielem [Check Your Ownership Title].<\/strong><br \/>\n<strong> In 1995 I was the secretary and a journalist of a local monthly Kocham Prag\u0119.<\/strong><br \/>\n<strong> In 1996-1999 I was a freelance contributor and, later, a staff member of Gazeta Prawna and a journalist of Dziennik Prawa i Gospodarki.<\/strong><br \/>\n<strong> Since 2000 I have been a free agent. I have cooperated with an English-language monthly What\u2019s up in Warsaw covering galleries, exhibitions, photography events and creative efforts of young artists. I invented and developed a <a class=\"ml-smartlink\" href=\"http:\/\/en.wikipedia.org\/wiki\/Cartoon_character\">cartoon character<\/a> Janek Nuda [Jack Boredom] who featured in a <a href=\"http:\/\/www.twozywo.art.pl\/\" target=\"_blank\">Two\u017cywo Group<\/a> serial Kapitan Europa [Captain Europe] in an episode Rozkaz [Yes, sir.]<\/strong><\/p>\n<p>&nbsp;<\/p>\n<p><strong><a href=\"http:\/\/wojcicki.photography\/wp-content\/uploads\/2014\/08\/10-wrzesie\u0144-2011-006.jpg\" target=\"_blank\"><img loading=\"lazy\" class=\"alignleft wp-image-8 size-medium\" src=\"http:\/\/wojcicki.photography\/wp-content\/uploads\/2014\/08\/10-wrzesie\u0144-2011-006-300x225.jpg\" alt=\"10 wrzesie\u0144 2011 006\" width=\"300\" height=\"225\" srcset=\"http:\/\/wojcicki.photography\/wp-content\/uploads\/2014\/08\/10-wrzesie\u0144-2011-006-300x225.jpg 300w, http:\/\/wojcicki.photography\/wp-content\/uploads\/2014\/08\/10-wrzesie\u0144-2011-006.jpg 800w\" sizes=\"(max-width: 300px) 100vw, 300px\" \/><\/a>Urodzi\u0142em si\u0119 w Warszawie w 1949 r. W 1967 r. uko\u0144czy\u0142em zrzeszone w UNESCO Liceum Og\u00f3lnokszta\u0142c\u0105ce nr. 33 im. Miko\u0142aja Kopernika w w Warszawie, b\u0119d\u0105ce szko\u0142\u0105 z j\u0119zykiem wyk\u0142adowym angielskim.<br \/>\nW latach 1967-1971 studiowa\u0142em w Szkole G\u0142\u00f3wnej Planowania i Statystyki (dzis.: Szko\u0142a G\u0142\u00f3wna Handlowa), a nast\u0119pnie na Wydziale Prawa i Administracji Uniwersytetu Warszawskiego, kt\u00f3ry uko\u0144czy\u0142em w 1975 r.<br \/>\nW Instytucie Historii Polskiej Akademii Nauk po roku pracy nad wdra\u017caniem projekt\u00f3w naukowych zosta\u0142em stypendyst\u0105 naukowym i w latach 1977-1980 prowadzi\u0142em prace badawcze w Pracowni Dziej\u00f3w Kultury Polskiej P\u00f3\u017cnego \u015aredniowiecza pod opiek\u0105 naukow\u0105 prof. Bronis\u0142awa Geremka. Ze stypendium naukowego korzysta\u0142em te\u017c w latach 1982-1983 z puli podziemnej \u201cSolidarno\u015bci\u201d.<br \/>\nW 1981 r. pracowa\u0142em dla O\u015brodka Bada\u0144 Spo\u0142ecznych Regionu Mazowsze NSZZ Solidarno\u015b\u0107 i podj\u0105\u0142em prac\u0119 etatow\u0105 w Tygodniku Solidarno\u015b\u0107, na \u0142amach kt\u00f3rego publikowa\u0142em teksty, a tak\u017ce dzia\u0142a\u0142em w tygodnikowym Dziale Interwencji.<br \/>\nPo og\u0142oszeniu stanu wojennego i likwidacji Tygodnika \u201cS\u201d zatrudni\u0142em si\u0119 jako dziennikarz w miesi\u0119czniku \u201cPomoc Spo\u0142eczna\u201d, wydawanym przez Rad\u0119 Naczeln\u0105 Polskiego Komitetu Pomocy Spo\u0142ecznej. Pod koniec dekady, jako publicysta pracowa\u0142em w miesi\u0119czniku \u201cPow\u015bci\u0105gliwo\u015b\u0107 i Praca\u201d (lata 1989-1990). W tym czasie by\u0142em te\u017c recenzentem, wsp\u00f3\u0142pracuj\u0105c z dwutygodnikiem \u201c\u015awiat Ksi\u0105\u017cki\u201d.<br \/>\nW 1990 by\u0142em wsp\u00f3\u0142za\u0142o\u017cycielem i redaktorem naczelnym Domu Wydawniczego Dominus. Wydali\u015bmy 5 ksi\u0105\u017cek z zakresu literatury relaksowej, z kt\u00f3rych jedn\u0105 sam napisa\u0142em, pod pseudonimem Agata Czamor (\u201cW cieniu hotelu Marriott\u201d). Zajmowa\u0142em si\u0119 te\u017c zbytem wydanych pozycji.<br \/>\nRok p\u00f3\u017aniej za\u0142o\u017cy\u0142em w\u0142asn\u0105 firm\u0119 doradcz\u0105 z zakresu doradztwa kryzysowego i negocjacji z wierzycielami, a r\u00f3wnocze\u015bnie po zdaniu egzamin\u00f3w zosta\u0142em syndykiem masy upad\u0142o\u015bci. Dzia\u0142\u0105j\u0105c jako samodzielna firma w 1992 r. wyda\u0142em ksi\u0105\u017ck\u0119 pt \u201cSprawd\u017a, czy jeste\u015b w\u0142a\u015bcicielem\u201d, zawieraj\u0105c\u0105 akty prawne o charakterze wyw\u0142aszczeniowym od 1944 r. Praca ta by\u0142a przeze mnie przygotowana, zredagowana, wydana i rozprowadzona, a korespondowa\u0142a z \u00f3wczesn\u0105 debat\u0105 sejmow\u0105 nad projektem ustawy o reprywatyzacji.<br \/>\nW 1995 r. pracowa\u0142em w Biurze Promocyjno-Reklamowym Triada wydawcy miesi\u0119cznika lokalnego \u201cKocham Prag\u0119\u201d. By\u0142em sekretarzem redakcji oraz dziennikarzem tego pisma, obejmuj\u0105cego zasi\u0119giem prawobrze\u017cn\u0105 Warszaw\u0119.<br \/>\nW latach 1996-1999 kolejno: wsp\u00f3\u0142pracowa\u0142em z \u201cGazet\u0105 Prawn\u0105\u201d, nast\u0119pnie pracowa\u0142em jako dziennikarz w \u201cDzienniku Prawa i Gospodarki\u201d i w \u201cGazecie Prawnej\u201d (tematyka: wymiar sprawiedliwo\u015bci, \u015brodowiska prawnicze, Trybuna\u0142 Konstytucyjny, reforma prawa cywilnego i s\u0105downictwa, dostosowywanie systemu prawnego do wymog\u00f3w Unii Europejskiej itp).<br \/>\nOd 2000 r. dana mi zosta\u0142a swoboda dzia\u0142ania i wyboru w sensie merytorycznym. Stale wsp\u00f3\u0142pracuj\u0119 z miesi\u0119cznikiem angloj\u0119zycznym \u201cWhat\u2019s up in Warsaw\u201d, pisz\u0105c o galeriach i wystawach, o fotografii oraz o dzia\u0142aniach tw\u00f3rczych m\u0142odych artyst\u00f3w. Uwzgl\u0119dniam szeroki zakres zjawisk, ale moje osobiste zainteresowania skupiaj\u0105 si\u0119 na czym\u015b, co nazywa si\u0119 net-art (web-art). Sam zreszt\u0105 podj\u0105\u0142em aktywno\u015b\u0107 na tym polu, uczestnicz\u0105c w konkursie portalu Indepentent, grupy Twozywo wspieranym przez Ministerstwo Kultury \u201cNudzie nei\u201d (\u201cNuda jako zjawisko i sposoby jej zapobiegania\u201d) i uzyskuj\u0105c za sw\u0105 prac\u0119 wyr\u00f3\u017cnienie. Wymy\u015blona i wykonana przeze mnie posta\u0107 graficzna \u2013 Janek Nuda \u2013 wyst\u0105pi\u0142a w odcinku pt \u201cRozkaz\u201d serialu \u201cKapitan Europa\u201d autorstwa<a href=\"http:\/\/www.twozywo.art.pl\/\" target=\"_blank\"> Grupy \u201cTwo\u017cywo\u201d<\/a>.<br \/>\nUczestnicz\u0119 r\u00f3wnie\u017c we w\u0142a\u015bnie og\u0142oszonym projekcie Grupy Two\u017cywo pt \u201egdzie jest meta\u201d, prezentuj\u0105c seri\u0119 fotograficzn\u0105 pt. \u201eMetaTy\u0142y\u201d Dwie moje prace fotograficzne (\u201eMetaWizyta\u201d i \u201eMetaPiknik\u201d) zosta\u0142y zakwalifikowane do tego projektu.<\/strong><\/p>\n<div class=\"sharedaddy sd-sharing-enabled\"><div class=\"robots-nocontent sd-block sd-social sd-social-icon-text sd-sharing\"><h3 class=\"sd-title\">Share this:<\/h3><div class=\"sd-content\"><ul><li class=\"share-facebook\"><a rel=\"nofollow noopener noreferrer\" data-shared=\"sharing-facebook-2\" class=\"share-facebook sd-button share-icon\" href=\"http:\/\/wojcicki.photography\/?page_id=2&amp;share=facebook\" target=\"_blank\" title=\"Click to share on Facebook\"><span>Facebook<\/span><\/a><\/li><li class=\"share-twitter\"><a rel=\"nofollow noopener noreferrer\" data-shared=\"sharing-twitter-2\" class=\"share-twitter sd-button share-icon\" href=\"http:\/\/wojcicki.photography\/?page_id=2&amp;share=twitter\" target=\"_blank\" title=\"Click to share on Twitter\"><span>Twitter<\/span><\/a><\/li><li class=\"share-linkedin\"><a rel=\"nofollow noopener noreferrer\" data-shared=\"sharing-linkedin-2\" class=\"share-linkedin sd-button share-icon\" href=\"http:\/\/wojcicki.photography\/?page_id=2&amp;share=linkedin\" target=\"_blank\" title=\"Click to share on LinkedIn\"><span>LinkedIn<\/span><\/a><\/li><li class=\"share-reddit\"><a rel=\"nofollow noopener noreferrer\" data-shared=\"\" class=\"share-reddit sd-button share-icon\" href=\"http:\/\/wojcicki.photography\/?page_id=2&amp;share=reddit\" target=\"_blank\" title=\"Click to share on Reddit\"><span>Reddit<\/span><\/a><\/li><li class=\"share-pinterest\"><a rel=\"nofollow noopener noreferrer\" data-shared=\"sharing-pinterest-2\" class=\"share-pinterest sd-button share-icon\" href=\"http:\/\/wojcicki.photography\/?page_id=2&amp;share=pinterest\" target=\"_blank\" title=\"Click to share on Pinterest\"><span>Pinterest<\/span><\/a><\/li><li class=\"share-end\"><\/li><\/ul><\/div><\/div><\/div>","protected":false},"excerpt":{"rendered":"<p>I was born in 1949 in Warsaw. I graduated the Nicolaus Copernicus High School in Warsaw, a UNESCO-affiliated educational establishment with English as the teaching medium. I studied at the Central School of Planning and Statistics (today: Warsaw School of Economics) (1967-1971) and at the Department of Law and Administration of Warsaw University, graduating the [&hellip;]<\/p>\n<div class=\"sharedaddy sd-sharing-enabled\"><div class=\"robots-nocontent sd-block sd-social sd-social-icon-text sd-sharing\"><h3 class=\"sd-title\">Share this:<\/h3><div class=\"sd-content\"><ul><li class=\"share-facebook\"><a rel=\"nofollow noopener noreferrer\" data-shared=\"sharing-facebook-2\" class=\"share-facebook sd-button share-icon\" href=\"http:\/\/wojcicki.photography\/?page_id=2&amp;share=facebook\" target=\"_blank\" title=\"Click to share on Facebook\"><span>Facebook<\/span><\/a><\/li><li class=\"share-twitter\"><a rel=\"nofollow noopener noreferrer\" data-shared=\"sharing-twitter-2\" class=\"share-twitter sd-button share-icon\" href=\"http:\/\/wojcicki.photography\/?page_id=2&amp;share=twitter\" target=\"_blank\" title=\"Click to share on Twitter\"><span>Twitter<\/span><\/a><\/li><li class=\"share-linkedin\"><a rel=\"nofollow noopener noreferrer\" data-shared=\"sharing-linkedin-2\" class=\"share-linkedin sd-button share-icon\" href=\"http:\/\/wojcicki.photography\/?page_id=2&amp;share=linkedin\" target=\"_blank\" title=\"Click to share on LinkedIn\"><span>LinkedIn<\/span><\/a><\/li><li class=\"share-reddit\"><a rel=\"nofollow noopener noreferrer\" data-shared=\"\" class=\"share-reddit sd-button share-icon\" href=\"http:\/\/wojcicki.photography\/?page_id=2&amp;share=reddit\" target=\"_blank\" title=\"Click to share on Reddit\"><span>Reddit<\/span><\/a><\/li><li class=\"share-pinterest\"><a rel=\"nofollow noopener noreferrer\" data-shared=\"sharing-pinterest-2\" class=\"share-pinterest sd-button share-icon\" href=\"http:\/\/wojcicki.photography\/?page_id=2&amp;share=pinterest\" target=\"_blank\" title=\"Click to share on Pinterest\"><span>Pinterest<\/span><\/a><\/li><li class=\"share-end\"><\/li><\/ul><\/div><\/div><\/div>","protected":false},"author":1,"featured_media":0,"parent":0,"menu_order":0,"comment_status":"open","ping_status":"open","template":"","meta":{"spay_email":""},"jetpack_shortlink":"https:\/\/wp.me\/P5hAGn-2","jetpack_sharing_enabled":true,"_links":{"self":[{"href":"http:\/\/wojcicki.photography\/index.php?rest_route=\/wp\/v2\/pages\/2"}],"collection":[{"href":"http:\/\/wojcicki.photography\/index.php?rest_route=\/wp\/v2\/pages"}],"about":[{"href":"http:\/\/wojcicki.photography\/index.php?rest_route=\/wp\/v2\/types\/page"}],"author":[{"embeddable":true,"href":"http:\/\/wojcicki.photography\/index.php?rest_route=\/wp\/v2\/users\/1"}],"replies":[{"embeddable":true,"href":"http:\/\/wojcicki.photography\/index.php?rest_route=%2Fwp%2Fv2%2Fcomments&post=2"}],"version-history":[{"count":2,"href":"http:\/\/wojcicki.photography\/index.php?rest_route=\/wp\/v2\/pages\/2\/revisions"}],"predecessor-version":[{"id":9,"href":"http:\/\/wojcicki.photography\/index.php?rest_route=\/wp\/v2\/pages\/2\/revisions\/9"}],"wp:attachment":[{"href":"http:\/\/wojcicki.photography\/index.php?rest_route=%2Fwp%2Fv2%2Fmedia&parent=2"}],"curies":[{"name":"wp","href":"https:\/\/api.w.org\/{rel}","templated":true}]}}